5
6272a3
Convert 510ae2 (base 16) to base 7.
63100361
-1355260 (base 7) to base 4
-230122222
-be87a (base 15) to base 5
-123343130
Convert -299a28 (base 15) to base 12.
-809592
Convert 212222020 (base 4) to base 6.
3221024
Convert 3a947c (base 16) to base 12.
1351850
Convert -1001010010001011 (base 2) to base 7.
-215603
1114433 (base 7) to base 9
230822
-215964 (base 11) to base 8
-1240755
Convert -102880 (base 10) to base 9.
-166111
Convert -e2c6d2 (base 15) to base 16.
-a46813
What is -11011001000101111 (base 2) in base 13?
-3b791
Convert 1134255 (base 6) to base 5.
3344131
-c480a (base 13) to base 11
-221142
-58c8 (base 13) to base 16
-30d5
Convert -4323220444 (base 5) to base 9.
-18264304
Convert 3233210331 (base 4) to base 3.
1211212002210
What is 21130013 (base 6) in base 10?
618201
What is 316eb3 (base 15) in base 12?
955366
102221111012210 (base 3) to base 2
11000001101101100100111
What is -8144783 (base 9) in base 14?
-80dab1
53344 (base 11) to base 9
127412
What is 6451714 (base 9) in base 8?
15143614
-623778 (base 10) to base 14
-123478
Convert -1074e5 (base 15) to base 7.
-6444023
What is -12021112 (base 3) in base 11?
-2989
Convert 2020030 (base 6) to base 2.
10111011010110010
2952b (base 16) to base 7
1303316
-3745851 (base 9) to base 8
-7614751
Convert 720322 (base 9) to base 7.
3425051
-110110011101110000 (base 2) to base 14
-5b42c
210212201000212 (base 3) to base 7
200553335
Convert -1055011 (base 6) to base 15.
-110ed
What is -10001111100100110 (base 2) in base 9?
-121747
What is -660 (base 10) in base 12?
-470
What is -16a1d1 (base 15) in base 11?
-68a462
What is -1132525 (base 6) in base 3?
-2222212022
-505633 (base 9) to base 6
-10230050
Convert 1105571 (base 13) to base 6.
303400252
Convert 14a286a (base 13) to base 6.
353311225
What is 101332122 (base 4) in base 11?
50353
What is -4065314 (base 7) in base 2?
-1110110110111011011
102202202303 (base 4) to base 7
56211224
Convert -2779c7 (base 14) to base 11.
-853092
-4950976 (base 10) to base 2
-10010111000101111000000
-649799 (base 10) to base 3
-1020000100122
What is -12e0a4 (base 15) in base 2?
-11011101101011111101
Convert 311233223010 (base 4) to base 13.
2bc3a37
Convert -710463 (base 9) to base 11.
-267848
What is -3233223223 (base 5) in base 7?
-112621352
What is 3a3348 (base 13) in base 8?
5273267
20010220200020 (base 3) to base 9
6126606
472917 (base 11) to base 14
1576c4
Convert 24121431 (base 5) to base 12.
a931a
What is -233030130 (base 4) in base 15?
-3c423
Convert -1312100 (base 4) to base 11.
-5760
What is -201719 (base 16) in base 12?
-855075
1203203210 (base 4) to base 9
681328
100111010010010100 (base 2) to base 9
264655
What is 2a28a (base 11) in base 9?
64802
What is -45221343 (base 8) in base 5?
-10000230140
Convert 2912149 (base 10) to base 11.
1709a39
10a791a (base 12) to base 5
1310104013
What is 5133013 (base 6) in base 12?
ba169
What is 46235a3 (base 11) in base 5?
4032232133
Convert 10011110001101100100011 (base 2) to base 16.
4f1b23
10627 (base 16) to base 8
203047
Convert 101010110001010001 (base 2) to base 13.
6197a
Convert -1531232 (base 7) to base 11.
-13331a
What is 2b6e4 (base 16) in base 6?
3451324
What is 12220121201022 (base 3) in base 9?
5817638
-4486734 (base 9) to base 11
-1402823
What is -12444434 (base 5) in base 13?
-44b7c
What is -cc2c19 (base 13) in base 4?
-102111001110
1001736 (base 8) to base 9
440851
What is 13010213003 (base 5) in base 4?
323323202222
Convert -5480490 (base 10) to base 13.
-119b6c2
11321110023 (base 4) to base 16
17950b
What is 1010110001011111101 (base 2) in base 10?
353021
38aca (base 13) to base 15
2122a
What is 228a5 (base 15) in base 6?
2205015
40430400 (base 5) to base 13
b5a9c
Convert -213222011 (base 4) to base 15.
-331e2
What is -11034472 (base 9) in base 6?
-310222102
Convert 1001022101200 (base 3) to base 4.
2020002330
5198b (base 16) to base 12
1414b7
Convert -1dd58 (base 15) to base 7.
-554165
-38b8e (base 16) to base 9
-383628
Convert -206335 (base 9) to base 14.
-32a39
Convert 1058a (base 16) to base 13.
24624
Convert -10120020210012 (base 3) to base 15.
-27650e
-32055444 (base 7) to base 3
-12010011222010
What is 2957787 (base 11) in base 8?
23272115
1022002112010 (base 3) to base 13
1b2532
aa77 (base 16) to base 3
2012212021
Convert -cca8c2 (base 13) to base 2.
-10010011001001011100000
What is -ae862 (base 15) in base 2?
-10000111100110000000
What is -55925 (base 11) in base 13?
-2ab1c
17cdd (base 15) to base 8
226546
What is 111111111111110101 (base 2) in base 11?
169a43
What is 121a242 (base 12) in base 10?
3522002
Convert 2272d (base 15) to base 5.
12001433
Convert -323022111 (base 4) to base 3.
-110022102000
-24151325 (base 7) to base 8
-10141273
Convert -7827252 (base 9) to base 6.
-230130545
-6662713 (base 9) to base 2
-1101101011000101010111
Convert 124e56c (base 16) to base 15.
1a4272e
Convert 11011000011010111101 (base 2) to base 7.
10351302
What is -43555344 (base 6) in base 15?
-1ac0ad
What is 172a301 (base 12) in base 9?
10005461
1200024 (base 6) to base 7
346261
What is -11020211020201 (base 3) in base 13?
-611935
Convert -656344 (base 9) to base 16.
-5fa4c
44a6 (base 12) to base 16
1dbe
What is -14663431 (base 9) in base 12?
-2543484
Convert -1646563 (base 7) to base 6.
-4534511
1325341 (base 6) to base 10
73789
What is -628755 (base 10) in base 9?
-1157436
What is 50143220 (base 6) in base 13?
3a641c
Convert 27080c (base 14) to base 16.
148a5c
Convert 37a4c1 (base 16) to base 9.
6767241
Convert 1101111101110000111111 (base 2) to base 4.
31331300333
What is -1988a (base 14) in base 7?
-356633
Convert 62440440 (base 7) to base 3.
100212220121020
What is -101110001110001010 (base 2) in base 16?
-2e38a
What is -ba6433 (base 16) in base 8?
-56462063
Convert 12023132 (base 4) to base 11.
1801a
What is 3176434 (base 8) in base 15?
11c338
1354420 (base 7) to base 6
3521001
Convert -7c6006 (base 15) to base 7.
-101342433
3001144 (base 5) to base 10
47049
-3223143201 (base 5) to base 10
-6849801
What is 133013221100 (base 4) in base 15?
ab21bb
Convert 325012 (base 8) to base 3.
12112121111
What is -221231121 (base 4) in base 12?
-82a49
Convert 1220121211 (base 3) to base 4.
21030001
Convert -1223013230 (base 6) to base 8.
-65736662
What is 21212010201 (base 3) in base 16?
25c18
-3059ab (base 15) to base 7
-25345223
1441413422 (base 5) to base 9
7228267
-101554025 (base 7) to base 15
-7d1c3b
What is 102320 (base 8) in base 10?
34000
454211 (base 7) to base 8
235507
52150551 (base 7) to base 2
10000101101110110011010
Convert -439881 (base 10) to base 13.
-1252b0
Convert -20580 (base 9) to base 7.
-54435
What is 110202424 (base 5) in base 3?
220011002002
Convert -10022222110 (base 4) to base 13.
-2c31ca
15b5c3c (base 13) to base 2
11010101111100011001101
513225543 (base 6) to base 13
1aa5652
ae74f (base 16) to base 14
1485b1
What is -86151 (base 11) in base 10?
-125291
-71bba5 (base 14) to base 10
-3835669
-8137a3 (base 13) to base 3
-12122202120102
What is -eab732 (base 15) in base 6?
-1035313515
-11233424 (base 5) to base 12
-4b2a4
21102103 (base 5) to base 2
101010110010101110
What is -94a8 (base 12) in base 3?
-211022002
What is 2678340 (base 10) in base 2?
1010001101111001000100
Convert -2234ab (base 12) to base 16.
-85103
Convert -11010100110101000100100 (base 2) to base 5.
-3241131423
What is 786b (base 15) in base 9?
38012
What is 252224 (base 9) in base 6?
3134121
Convert -102132300103 (base 4) to base 15.
-65a65d
-1270158 (base 9) to base 16
-a9d30
20560176 (base 8) to base 6
233534542
What is 544331 (base 6) in base 12?
220a7
What is 3201342 (base 6) in base 11?
a7120
-220645 (base 7) to base 14
-10195
Convert -142113244 (base 5) to base 2.
-10110100010100001110
What is -45001 (base 11) in base 8?
-177304
Convert 10211010012100 (base 3) to base 12.
81a700
-4151042 (base 13) to base 5
-20033323320
af595c (base 16) to base 7
166451300
What is -313f (base 16) in base 8?
-30477
What is -11011110101 (base 3) in base 8?
-240076
-307344 (base 8) to base 2
-11000111011100100
Convert 431398 (base 13) to base 7.
16243000
What is 3723188 (base 12) in base 16?
a3fb38
75589 (base 13) to base 15
42b9a
What is -161962 (base 12) in base 14?
-9b21c
Convert 172b74 (base 12) to base 7.
32514